{"id":9126,"date":"2026-01-20T13:00:28","date_gmt":"2026-01-20T13:00:28","guid":{"rendered":"https:\/\/www.ics.gob.cu\/?post_type=agencias_de_publicid&#038;p=9126"},"modified":"2026-02-18T11:02:21","modified_gmt":"2026-02-18T11:02:21","slug":"trimagen-s-a","status":"publish","type":"agencias_de_publicid","link":"https:\/\/www.ics.gob.cu\/en\/agencias_de_publicid\/trimagen-s-a\/","title":{"rendered":"Trimagen S.A."},"content":{"rendered":"<p>Inscrita oficialmente el 30 de agosto de 1994 tras su origen en 1961 como Secci\u00f3n F\u00edlmica de las FAR, desarrolla m\u00faltiples l\u00edneas de negocios que incluyen la producci\u00f3n y comercializaci\u00f3n de servicios y mercanc\u00edas audiovisuales, adem\u00e1s de actividades gastron\u00f3micas mediante el comercio minorista en diversos municipios del pa\u00eds. Su objeto social se centra en la prestaci\u00f3n de servicios profesionales vinculados al universo audiovisual y a la creaci\u00f3n de medios publicitarios, con la misi\u00f3n de ofrecer soluciones integrales de publicidad y producciones audiovisuales, y la visi\u00f3n de consolidarse como empresa l\u00edder en Cuba en este sector. Su sede central radica en Calzada de Ayestar\u00e1n No.176 entre 19 de Mayo y Desag\u00fce, Municipio Cerro, La Habana.<\/p>\n\n\n\n<p><\/p>","protected":false},"excerpt":{"rendered":"<p>Inscrita oficialmente el 30 de agosto de 1994 tras su origen en 1961 como Secci\u00f3n F\u00edlmica de las FAR, desarrolla m\u00faltiples l\u00edneas de negocios que incluyen la producci\u00f3n y comercializaci\u00f3n de servicios y mercanc\u00edas audiovisuales<\/p>","protected":false},"featured_media":9127,"template":"","class_list":["post-9126","agencias_de_publicid","type-agencias_de_publicid","status-publish","has-post-thumbnail","hentry"],"acf":[],"_links":{"self":[{"href":"https:\/\/www.ics.gob.cu\/en\/wp-json\/wp\/v2\/agencias_de_publicid\/9126","targetHints":{"allow":["GET"]}}],"collection":[{"href":"https:\/\/www.ics.gob.cu\/en\/wp-json\/wp\/v2\/agencias_de_publicid"}],"about":[{"href":"https:\/\/www.ics.gob.cu\/en\/wp-json\/wp\/v2\/types\/agencias_de_publicid"}],"wp:featuredmedia":[{"embeddable":true,"href":"https:\/\/www.ics.gob.cu\/en\/wp-json\/wp\/v2\/media\/9127"}],"wp:attachment":[{"href":"https:\/\/www.ics.gob.cu\/en\/wp-json\/wp\/v2\/media?parent=9126"}],"curies":[{"name":"wp","href":"https:\/\/api.w.org\/{rel}","templated":true}]}}

<p>Inscrita oficialmente el 30 de agosto de 1994 tras su origen en 1961 como Sección Fílmica de las FAR, desarrolla múltiples líneas de negocios que incluyen la producción y comercialización de servicios y mercancías audiovisuales, además de actividades gastronómicas mediante el comercio minorista en diversos municipios del país. Su objeto social se centra en la prestación de servicios profesionales vinculados al universo audiovisual y a la creación de medios publicitarios, con la misión de ofrecer soluciones integrales de publicidad y producciones audiovisuales, y la visión de consolidarse como empresa líder en Cuba en este sector. Su sede central radica en Calzada de Ayestarán No.176 entre 19 de Mayo y Desagüe, Municipio Cerro, La Habana.</p>



<p></p>

<p>Inscrita oficialmente el 30 de agosto de 1994 tras su origen en 1961 como Sección Fílmica de las FAR, desarrolla múltiples líneas de negocios que incluyen la producción y comercialización de servicios y mercancías audiovisuales</p>
