{"id":9196,"date":"2026-01-29T16:46:59","date_gmt":"2026-01-29T16:46:59","guid":{"rendered":"https:\/\/www.ics.gob.cu\/?post_type=autorizo_marca_pais&#038;p=9196"},"modified":"2026-01-29T16:46:59","modified_gmt":"2026-01-29T16:46:59","slug":"373-empresa-puerto-moa-raul-diaz-arguelles-garcia","status":"publish","type":"autorizo_marca_pais","link":"https:\/\/www.ics.gob.cu\/en\/autorizo_marca_pais\/373-empresa-puerto-moa-raul-diaz-arguelles-garcia\/","title":{"rendered":"373. Empresa Puerto Moa \u201cRa\u00fal D\u00edaz Arguelles Garc\u00eda\u201d"},"content":{"rendered":"<p>Municipality: Moa<\/p>\n\n\n\n<p>Province: Holgu\u00edn<\/p>\n\n\n\n<p>Fecha de Aprobaci\u00f3n: 26 de enero de 2026<\/p>\n\n\n\n<p><strong>Resoluci\u00f3n: 373\/2026<\/strong><\/p>","protected":false},"featured_media":0,"template":"","tipos-de-usos":[116],"class_list":["post-9196","autorizo_marca_pais","type-autorizo_marca_pais","status-publish","hentry","tipos-de-usos-uso-institucional"],"acf":[],"_links":{"self":[{"href":"https:\/\/www.ics.gob.cu\/en\/wp-json\/wp\/v2\/autorizo_marca_pais\/9196","targetHints":{"allow":["GET"]}}],"collection":[{"href":"https:\/\/www.ics.gob.cu\/en\/wp-json\/wp\/v2\/autorizo_marca_pais"}],"about":[{"href":"https:\/\/www.ics.gob.cu\/en\/wp-json\/wp\/v2\/types\/autorizo_marca_pais"}],"wp:attachment":[{"href":"https:\/\/www.ics.gob.cu\/en\/wp-json\/wp\/v2\/media?parent=9196"}],"wp:term":[{"taxonomy":"tipos-de-usos","embeddable":true,"href":"https:\/\/www.ics.gob.cu\/en\/wp-json\/wp\/v2\/tipos-de-usos?post=9196"}],"curies":[{"name":"wp","href":"https:\/\/api.w.org\/{rel}","templated":true}]}}

373. Empresa Puerto Moa “Raúl Díaz Arguelles García”

<p>Municipality: Moa</p>



<p>Province: Holguín</p>



<p>Fecha de Aprobación: 26 de enero de 2026</p>



<p><strong>Resolución: 373/2026</strong></p>
