{"id":9215,"date":"2026-01-29T17:15:05","date_gmt":"2026-01-29T17:15:05","guid":{"rendered":"https:\/\/www.ics.gob.cu\/?post_type=autorizo_marca_pais&#038;p=9215"},"modified":"2026-01-29T17:15:06","modified_gmt":"2026-01-29T17:15:06","slug":"universidad-de-ciego-de-avila-maximo-gomez-baez-unica","status":"publish","type":"autorizo_marca_pais","link":"https:\/\/www.ics.gob.cu\/en\/autorizo_marca_pais\/universidad-de-ciego-de-avila-maximo-gomez-baez-unica\/","title":{"rendered":"Universidad de Ciego de \u00c1vila \u201cM\u00e1ximo G\u00f3mez B\u00e1ez\u201d (UNICA)"},"content":{"rendered":"<p>Municipality: Ciego de \u00c1vila<\/p>\n\n\n\n<p>Province: Ciego de \u00c1vila<\/p>\n\n\n\n<p>Fecha de Aprobaci\u00f3n: 26 de enero de 2026<\/p>\n\n\n\n<p>Resoluci\u00f3n: 110\/2026<\/p>","protected":false},"featured_media":0,"template":"","tipos-de-usos":[117],"class_list":["post-9215","autorizo_marca_pais","type-autorizo_marca_pais","status-publish","hentry","tipos-de-usos-uso-en-eventos"],"acf":[],"_links":{"self":[{"href":"https:\/\/www.ics.gob.cu\/en\/wp-json\/wp\/v2\/autorizo_marca_pais\/9215","targetHints":{"allow":["GET"]}}],"collection":[{"href":"https:\/\/www.ics.gob.cu\/en\/wp-json\/wp\/v2\/autorizo_marca_pais"}],"about":[{"href":"https:\/\/www.ics.gob.cu\/en\/wp-json\/wp\/v2\/types\/autorizo_marca_pais"}],"wp:attachment":[{"href":"https:\/\/www.ics.gob.cu\/en\/wp-json\/wp\/v2\/media?parent=9215"}],"wp:term":[{"taxonomy":"tipos-de-usos","embeddable":true,"href":"https:\/\/www.ics.gob.cu\/en\/wp-json\/wp\/v2\/tipos-de-usos?post=9215"}],"curies":[{"name":"wp","href":"https:\/\/api.w.org\/{rel}","templated":true}]}}

Universidad de Ciego de Ávila “Máximo Gómez Báez” (UNICA)

<p>Municipality: Ciego de Ávila</p>



<p>Province: Ciego de Ávila</p>



<p>Fecha de Aprobación: 26 de enero de 2026</p>



<p>Resolución: 110/2026</p>
