{"id":4982,"date":"2024-06-05T11:22:09","date_gmt":"2024-06-05T11:22:09","guid":{"rendered":"https:\/\/www.ics.gob.cu\/?post_type=videos&#038;p=4982"},"modified":"2024-06-05T11:22:16","modified_gmt":"2024-06-05T11:22:16","slug":"que-es-la-direccion-general-de-comunicacion-mediatica-del-ics-parte-3","status":"publish","type":"videos","link":"https:\/\/www.ics.gob.cu\/en\/videos\/que-es-la-direccion-general-de-comunicacion-mediatica-del-ics-parte-3\/","title":{"rendered":"\u00bfQu\u00e9 es la Direcci\u00f3n General de Comunicaci\u00f3n Medi\u00e1tica del ICS? (PARTE 3)"},"content":{"rendered":"","protected":false},"featured_media":4983,"template":"","meta":{"_bbp_topic_count":0,"_bbp_reply_count":0,"_bbp_total_topic_count":0,"_bbp_total_reply_count":0,"_bbp_voice_count":0,"_bbp_anonymous_reply_count":0,"_bbp_topic_count_hidden":0,"_bbp_reply_count_hidden":0,"_bbp_forum_subforum_count":0,"_glsr_average":0,"_glsr_ranking":0,"_glsr_reviews":0},"categorias_de_videos":[],"tags_de_videos":[],"class_list":["post-4982","videos","type-videos","status-publish","has-post-thumbnail","hentry"],"acf":[],"_links":{"self":[{"href":"https:\/\/www.ics.gob.cu\/en\/wp-json\/wp\/v2\/videos\/4982","targetHints":{"allow":["GET"]}}],"collection":[{"href":"https:\/\/www.ics.gob.cu\/en\/wp-json\/wp\/v2\/videos"}],"about":[{"href":"https:\/\/www.ics.gob.cu\/en\/wp-json\/wp\/v2\/types\/videos"}],"wp:featuredmedia":[{"embeddable":true,"href":"https:\/\/www.ics.gob.cu\/en\/wp-json\/wp\/v2\/media\/4983"}],"wp:attachment":[{"href":"https:\/\/www.ics.gob.cu\/en\/wp-json\/wp\/v2\/media?parent=4982"}],"wp:term":[{"taxonomy":"categorias_de_videos","embeddable":true,"href":"https:\/\/www.ics.gob.cu\/en\/wp-json\/wp\/v2\/categorias_de_videos?post=4982"},{"taxonomy":"tags_de_videos","embeddable":true,"href":"https:\/\/www.ics.gob.cu\/en\/wp-json\/wp\/v2\/tags_de_videos?post=4982"}],"curies":[{"name":"wp","href":"https:\/\/api.w.org\/{rel}","templated":true}]}}

¿Qué es la Dirección General de Comunicación Mediática del ICS? (PARTE 3)
